{"id":154,"date":"2024-06-10T22:52:04","date_gmt":"2024-06-10T22:52:04","guid":{"rendered":"https:\/\/wir-gegen-rechts.at\/?post_type=tribe_events&#038;p=154"},"modified":"2024-06-10T23:07:00","modified_gmt":"2024-06-10T23:07:00","slug":"laut-gegen-rechts","status":"publish","type":"tribe_events","link":"https:\/\/wir-gegen-rechts.at\/en\/event\/laut-gegen-rechts\/","title":{"rendered":"Kundgebung: Laut gegen rechts"},"content":{"rendered":"<p>Wenn die FP\u00d6 eine Wahl gewinnt, Macron dem Faschismus den Weg bereitet, in Deutschland die AFD zweitst\u00e4rkste Kraft ist, die extrem Rechte AUR in Rum\u00e4nien gro\u00dfe Gewinne einr\u00e4umt und in Italien die Neofaschist*Innen klar vorne liegen, k\u00f6nnen wir nicht tatenlos zusehen!<\/p>\n<p>Deshalb gibt\u2019s morgen, 11.6. ab 18:30 eine spontane Kundgebung \/ Tanzen gegen Rechts am Platz der Menschenrechte.<\/p>\n<p>Zeigen wir, dass wir laut sein k\u00f6nnen und connecten wir uns (https:\/\/wir-gegen-rechts.at), damit die Nationalsratswahl anders ausf\u00e4llt. Also verlegt eure Beisltreffen auf die Stra\u00dfe, bring your friends, Schilder, und spreaded die news!<\/p>","protected":false},"excerpt":{"rendered":"<p>Wenn die FP\u00d6 eine Wahl gewinnt, Macron dem Faschismus den Weg bereitet, in Deutschland die AFD zweitst\u00e4rkste Kraft ist, die extrem Rechte AUR in Rum\u00e4nien gro\u00dfe Gewinne einr\u00e4umt und in [&hellip;]<\/p>\n","protected":false},"author":2,"featured_media":0,"template":"","meta":{"_EventAllDay":false,"_EventTimezone":"UTC+0","_EventStartDate":"2024-06-11 18:30:00","_EventEndDate":"2024-06-11 21:30:00","_EventStartDateUTC":"2024-06-11 18:30:00","_EventEndDateUTC":"2024-06-11 21:30:00","_EventShowMap":true,"_EventShowMapLink":true,"_EventURL":"","_EventCost":"","_EventCostDescription":"","_EventCurrencySymbol":"$","_EventCurrencyCode":"USD class= class= class=","_EventCurrencyPosition":"prefix","_EventDateTimeSeparator":"","_EventTimeRangeSeparator":"","_EventOrganizerID":[],"_EventVenueID":[155],"_OrganizerEmail":"","_OrganizerPhone":"","_OrganizerWebsite":"","_VenueAddress":"","_VenueCity":"","_VenueCountry":"","_VenueProvince":"","_VenueState":"","_VenueZip":"","_VenuePhone":"","_VenueURL":"","_VenueStateProvince":"","_VenueLat":"","_VenueLng":"","_VenueShowMap":false,"_VenueShowMapLink":false,"_tribe_events_status":"","_tribe_events_status_reason":"","activitypub_content_warning":"","activitypub_content_visibility":"","activitypub_max_image_attachments":4,"event_bridge_for_activitypub_reminder_time_gap":0,"footnotes":""},"tags":[],"tribe_events_cat":[],"class_list":["post-154","tribe_events","type-tribe_events","status-publish","hentry"],"_links":{"self":[{"href":"https:\/\/wir-gegen-rechts.at\/en\/wp-json\/wp\/v2\/tribe_events\/154","targetHints":{"allow":["GET"]}}],"collection":[{"href":"https:\/\/wir-gegen-rechts.at\/en\/wp-json\/wp\/v2\/tribe_events"}],"about":[{"href":"https:\/\/wir-gegen-rechts.at\/en\/wp-json\/wp\/v2\/types\/tribe_events"}],"author":[{"embeddable":true,"href":"https:\/\/wir-gegen-rechts.at\/en\/wp-json\/wp\/v2\/users\/2"}],"version-history":[{"count":2,"href":"https:\/\/wir-gegen-rechts.at\/en\/wp-json\/wp\/v2\/tribe_events\/154\/revisions"}],"predecessor-version":[{"id":157,"href":"https:\/\/wir-gegen-rechts.at\/en\/wp-json\/wp\/v2\/tribe_events\/154\/revisions\/157"}],"wp:attachment":[{"href":"https:\/\/wir-gegen-rechts.at\/en\/wp-json\/wp\/v2\/media?parent=154"}],"wp:term":[{"taxonomy":"post_tag","embeddable":true,"href":"https:\/\/wir-gegen-rechts.at\/en\/wp-json\/wp\/v2\/tags?post=154"},{"taxonomy":"tribe_events_cat","embeddable":true,"href":"https:\/\/wir-gegen-rechts.at\/en\/wp-json\/wp\/v2\/tribe_events_cat?post=154"}],"curies":[{"name":"wp","href":"https:\/\/api.w.org\/{rel}","templated":true}]}}

<p>Wenn die FPÖ eine Wahl gewinnt, Macron dem Faschismus den Weg bereitet, in Deutschland die AFD zweitstärkste Kraft ist, die extrem Rechte AUR in Rumänien große Gewinne einräumt und in Italien die Neofaschist*Innen klar vorne liegen, können wir nicht tatenlos zusehen!</p>
<p>Deshalb gibt’s morgen, 11.6. ab 18:30 eine spontane Kundgebung / Tanzen gegen Rechts am Platz der Menschenrechte.</p>
<p>Zeigen wir, dass wir laut sein können und connecten wir uns (https://wir-gegen-rechts.at), damit die Nationalsratswahl anders ausfällt. Also verlegt eure Beisltreffen auf die Straße, bring your friends, Schilder, und spreaded die news!</p>

<p>Wenn die FPÖ eine Wahl gewinnt, Macron dem Faschismus den Weg bereitet, in Deutschland die AFD zweitstärkste Kraft ist, die extrem Rechte AUR in Rumänien große Gewinne einräumt und in [&hellip;]</p>
