{"id":408,"date":"2024-08-13T11:35:14","date_gmt":"2024-08-13T11:35:14","guid":{"rendered":"https:\/\/wir-gegen-rechts.at\/?post_type=tribe_events&#038;p=408"},"modified":"2024-08-22T21:14:07","modified_gmt":"2024-08-22T21:14:07","slug":"agora-der-demokratie-initiativen-2-0","status":"publish","type":"tribe_events","link":"https:\/\/wir-gegen-rechts.at\/en\/event\/agora-der-demokratie-initiativen-2-0\/","title":{"rendered":"Agora der Demokratie-Initiativen 2.0"},"content":{"rendered":"<p>G\u00dcNTHER OGRIS, dema!nstitut, #Demokratie f\u00fcr alle<br \/>\nMICHAEL KERBLER, Initiative Demokratie w\u00e4hlen!<br \/>\nSIEGLINDE ROSENBERGER, Ja Demokratie<br \/>\nEKATERINA SCHALMANN, Wir* gegen rechts<\/p>\n<p>laden ein zur:<\/p>\n<p><strong>2. AGORA DER DEMOKRATIE-INITIATIVEN am 28. AUGUST 17-20H<\/strong><\/p>\n<p>Du warst am 6.7. im Gleis 21 dabei und hast die Freude an der Demokratie gesp\u00fcrt.<br \/>\nDu konntest nicht dabei sein, willst dich aber mit anderen noch mehr vernetzen.<\/p>\n<p>Du willst am 29. September ein Wahlergebnis, das mehr Demokratie, mehr Freiheit, mehr Respekt bringt? Du hast Lust auf Demos, Hausbesuche, Stra\u00dfentheater, Parkbank-Gespr\u00e4che, Podcasts, Videos, Social Media, Argumentieren, Zielgruppen erreichen. Du bist nicht in einem Partei-Wahlkampf aktiv, sondern willst gemeinsam mit<br \/>\nDemokratie-Initiativen \u00d6sterreich vor einen R\u00fcckschlag und eine blau-schwarze Regierung verhindern. Du m\u00f6chtest aktiv und gemeinsam wirksam werden?<\/p>\n<p><strong>WANN<\/strong>: 28. August 17-20h<br \/>\n<strong>ORT<\/strong>: \u00d6GB, Johann-B\u00f6hm-Platz 1 A-1020 Wien<br \/>\nWilhelmine-Moik-Saal<br \/>\n<strong>ANMELDUNG<\/strong>:<a href=\"https:\/\/respond.dema-institut.at\/email\/links\/ffe35895755deb39320bd3f829f2311c\/dfde5f9b2bd3d3c1faae19e33ba46844\" target=\"_blank\" rel=\"noopener noreferrer\"> https:\/\/respond.dema-institut.at\/email\/links\/ffe35895755deb39320bd3f829f2311c\/dfde5f9b2bd3d3c1faae19e33ba46844<\/a><\/p>","protected":false},"excerpt":{"rendered":"<p>G\u00dcNTHER OGRIS, dema!nstitut, #Demokratie f\u00fcr alle MICHAEL KERBLER, Initiative Demokratie w\u00e4hlen! SIEGLINDE ROSENBERGER, Ja Demokratie EKATERINA SCHALMANN, Wir* gegen rechts laden ein zur: 2. AGORA DER DEMOKRATIE-INITIATIVEN am 28. AUGUST [&hellip;]<\/p>\n","protected":false},"author":2,"featured_media":0,"template":"","meta":{"_EventAllDay":false,"_EventTimezone":"UTC+0","_EventStartDate":"2024-08-28 17:00:00","_EventEndDate":"2024-08-28 20:00:00","_EventStartDateUTC":"2024-08-28 17:00:00","_EventEndDateUTC":"2024-08-28 20:00:00","_EventShowMap":false,"_EventShowMapLink":false,"_EventURL":"","_EventCost":"","_EventCostDescription":"","_EventCurrencySymbol":"$","_EventCurrencyCode":"USD","_EventCurrencyPosition":"prefix","_EventDateTimeSeparator":"","_EventTimeRangeSeparator":"","_EventOrganizerID":[],"_EventVenueID":[],"_OrganizerEmail":"","_OrganizerPhone":"","_OrganizerWebsite":"","_VenueAddress":"","_VenueCity":"","_VenueCountry":"","_VenueProvince":"","_VenueState":"","_VenueZip":"","_VenuePhone":"","_VenueURL":"","_VenueStateProvince":"","_VenueLat":"","_VenueLng":"","_VenueShowMap":false,"_VenueShowMapLink":false,"_tribe_events_status":"","_tribe_events_status_reason":"","activitypub_content_warning":"","activitypub_content_visibility":"","activitypub_max_image_attachments":4,"event_bridge_for_activitypub_reminder_time_gap":0,"footnotes":""},"tags":[],"tribe_events_cat":[],"class_list":["post-408","tribe_events","type-tribe_events","status-publish","hentry"],"_links":{"self":[{"href":"https:\/\/wir-gegen-rechts.at\/en\/wp-json\/wp\/v2\/tribe_events\/408","targetHints":{"allow":["GET"]}}],"collection":[{"href":"https:\/\/wir-gegen-rechts.at\/en\/wp-json\/wp\/v2\/tribe_events"}],"about":[{"href":"https:\/\/wir-gegen-rechts.at\/en\/wp-json\/wp\/v2\/types\/tribe_events"}],"author":[{"embeddable":true,"href":"https:\/\/wir-gegen-rechts.at\/en\/wp-json\/wp\/v2\/users\/2"}],"version-history":[{"count":3,"href":"https:\/\/wir-gegen-rechts.at\/en\/wp-json\/wp\/v2\/tribe_events\/408\/revisions"}],"predecessor-version":[{"id":471,"href":"https:\/\/wir-gegen-rechts.at\/en\/wp-json\/wp\/v2\/tribe_events\/408\/revisions\/471"}],"wp:attachment":[{"href":"https:\/\/wir-gegen-rechts.at\/en\/wp-json\/wp\/v2\/media?parent=408"}],"wp:term":[{"taxonomy":"post_tag","embeddable":true,"href":"https:\/\/wir-gegen-rechts.at\/en\/wp-json\/wp\/v2\/tags?post=408"},{"taxonomy":"tribe_events_cat","embeddable":true,"href":"https:\/\/wir-gegen-rechts.at\/en\/wp-json\/wp\/v2\/tribe_events_cat?post=408"}],"curies":[{"name":"wp","href":"https:\/\/api.w.org\/{rel}","templated":true}]}}

<p>GÜNTHER OGRIS, dema!nstitut, #Demokratie für alle<br />
MICHAEL KERBLER, Initiative Demokratie wählen!<br />
SIEGLINDE ROSENBERGER, Ja Demokratie<br />
EKATERINA SCHALMANN, Wir* gegen rechts</p>
<p>laden ein zur:</p>
<p><strong>2. AGORA DER DEMOKRATIE-INITIATIVEN am 28. AUGUST 17-20H</strong></p>
<p>Du warst am 6.7. im Gleis 21 dabei und hast die Freude an der Demokratie gespürt.<br />
Du konntest nicht dabei sein, willst dich aber mit anderen noch mehr vernetzen.</p>
<p>Du willst am 29. September ein Wahlergebnis, das mehr Demokratie, mehr Freiheit, mehr Respekt bringt? Du hast Lust auf Demos, Hausbesuche, Straßentheater, Parkbank-Gespräche, Podcasts, Videos, Social Media, Argumentieren, Zielgruppen erreichen. Du bist nicht in einem Partei-Wahlkampf aktiv, sondern willst gemeinsam mit<br />
Demokratie-Initiativen Österreich vor einen Rückschlag und eine blau-schwarze Regierung verhindern. Du möchtest aktiv und gemeinsam wirksam werden?</p>
<p><strong>WANN</strong>: 28. August 17-20h<br />
<strong>ORT</strong>: ÖGB, Johann-Böhm-Platz 1 A-1020 Wien<br />
Wilhelmine-Moik-Saal<br />
<strong>ANMELDUNG</strong>:<a href="https://respond.dema-institut.at/email/links/ffe35895755deb39320bd3f829f2311c/dfde5f9b2bd3d3c1faae19e33ba46844" target="_blank" rel="noopener noreferrer"> https://respond.dema-institut.at/email/links/ffe35895755deb39320bd3f829f2311c/dfde5f9b2bd3d3c1faae19e33ba46844</a></p>

<p>GÜNTHER OGRIS, dema!nstitut, #Demokratie für alle MICHAEL KERBLER, Initiative Demokratie wählen! SIEGLINDE ROSENBERGER, Ja Demokratie EKATERINA SCHALMANN, Wir* gegen rechts laden ein zur: 2. AGORA DER DEMOKRATIE-INITIATIVEN am 28. AUGUST [&hellip;]</p>
