{"id":511,"date":"2024-09-04T05:12:10","date_gmt":"2024-09-04T05:12:10","guid":{"rendered":"https:\/\/wir-gegen-rechts.at\/?post_type=tribe_events&#038;p=511"},"modified":"2024-09-04T05:12:10","modified_gmt":"2024-09-04T05:12:10","slug":"gesprach-praktische-solidaritat-gegen-abschiebungen","status":"publish","type":"tribe_events","link":"https:\/\/wir-gegen-rechts.at\/en\/event\/gesprach-praktische-solidaritat-gegen-abschiebungen\/","title":{"rendered":"Gespr\u00e4ch: Praktische Solidarit\u00e4t gegen Abschiebungen"},"content":{"rendered":"<div class=\"html-div xdj266r x11i5rnm xat24cr x1mh8g0r xexx8yu x4uap5 x18d9i69 xkhd6sd\" dir=\"auto\">\n<div id=\":r5s:\" class=\"x1l90r2v x1pi30zi x1swvt13 x1iorvi4\" data-ad-comet-preview=\"message\" data-ad-preview=\"message\">\n<div class=\"x78zum5 xdt5ytf xz62fqu x16ldp7u\">\n<div class=\"xu06os2 x1ok221b\">\n<div class=\"xdj266r x11i5rnm xat24cr x1mh8g0r x1vvkbs x126k92a\">\n<div dir=\"auto\"><strong>Practical solidarity against deportations &#8211; A conversation with Rex Osa<\/strong><\/div>\n<\/div>\n<div class=\"x11i5rnm xat24cr x1mh8g0r x1vvkbs xtlvy1s x126k92a\">\n<div dir=\"auto\"><span class=\"html-span xexx8yu x4uap5 x18d9i69 xkhd6sd x1hl2dhg x16tdsg8 x1vvkbs x3nfvp2 x1j61x8r x1fcty0u xdj266r xat24cr xgzva0m xhhsvwb xxymvpz xlup9mm x1kky2od\"><img loading=\"lazy\" decoding=\"async\" class=\"xz74otr\" src=\"https:\/\/static.xx.fbcdn.net\/images\/emoji.php\/v9\/tae\/1\/16\/1f556.png\" alt=\"\ud83d\udd56\" width=\"16\" height=\"16\" \/><\/span> September, 21st at 6pm<\/div>\n<div dir=\"auto\"><span class=\"html-span xexx8yu x4uap5 x18d9i69 xkhd6sd x1hl2dhg x16tdsg8 x1vvkbs x3nfvp2 x1j61x8r x1fcty0u xdj266r xat24cr xgzva0m xhhsvwb xxymvpz xlup9mm x1kky2od\"><img loading=\"lazy\" decoding=\"async\" class=\"xz74otr\" src=\"https:\/\/static.xx.fbcdn.net\/images\/emoji.php\/v9\/t77\/1\/16\/1f3e1.png\" alt=\"\ud83c\udfe1\" width=\"16\" height=\"16\" \/><\/span> Planet 10, Pernerstorfergasse 12, 1100 Wien<\/div>\n<div dir=\"auto\">\nRex Osa is a Nigerian activist based in Germany. Together with his association Refugees4Refugees (Stuttgart), he founded a mutual aid network for people affected by deportations. A team of people who were formerly deported from Germany and Austria provide support in Lagos to those affected by charter deportations. Refugees4Refugees also works on raising awareness on the racist asylum and migration policies in Europe.<\/div>\n<div dir=\"auto\">Join us on the 21st of September for a conversation with Rex Osa and an exchange place for people involved in the struggle against deportations!<\/div>\n<div dir=\"auto\"><span class=\"html-span xexx8yu x4uap5 x18d9i69 xkhd6sd x1hl2dhg x16tdsg8 x1vvkbs x3nfvp2 x1j61x8r x1fcty0u xdj266r xat24cr xgzva0m xhhsvwb xxymvpz xlup9mm x1kky2od\"><img loading=\"lazy\" decoding=\"async\" class=\"xz74otr\" src=\"https:\/\/static.xx.fbcdn.net\/images\/emoji.php\/v9\/t1f\/1\/16\/1f3b6.png\" alt=\"\ud83c\udfb6\" width=\"16\" height=\"16\" \/><\/span><span class=\"html-span xexx8yu x4uap5 x18d9i69 xkhd6sd x1hl2dhg x16tdsg8 x1vvkbs x3nfvp2 x1j61x8r x1fcty0u xdj266r xat24cr xgzva0m xhhsvwb xxymvpz xlup9mm x1kky2od\"><img loading=\"lazy\" decoding=\"async\" class=\"xz74otr\" src=\"https:\/\/static.xx.fbcdn.net\/images\/emoji.php\/v9\/t96\/1\/16\/1f37b.png\" alt=\"\ud83c\udf7b\" width=\"16\" height=\"16\" \/><\/span> The event will be followed by music and a soli bar in support of Refugees4Refugees and Stop Deportations Vienna.\u2069<\/div>\n<div dir=\"auto\"><\/div>\n<div dir=\"auto\">***Deutsch****<\/div>\n<div dir=\"auto\"><strong><br \/>\nPraktische Solidarit\u00e4t gegen Abschiebungen &#8211; Ein Gespr\u00e4ch mit Rex Osa<\/strong><\/div>\n<div dir=\"auto\"><span class=\"html-span xexx8yu x4uap5 x18d9i69 xkhd6sd x1hl2dhg x16tdsg8 x1vvkbs x3nfvp2 x1j61x8r x1fcty0u xdj266r xat24cr xgzva0m xhhsvwb xxymvpz xlup9mm x1kky2od\"><img loading=\"lazy\" decoding=\"async\" class=\"xz74otr\" src=\"https:\/\/static.xx.fbcdn.net\/images\/emoji.php\/v9\/tae\/1\/16\/1f556.png\" alt=\"\ud83d\udd56\" width=\"16\" height=\"16\" \/><\/span> 21. September um 18 Uhr<\/div>\n<div dir=\"auto\"><span class=\"html-span xexx8yu x4uap5 x18d9i69 xkhd6sd x1hl2dhg x16tdsg8 x1vvkbs x3nfvp2 x1j61x8r x1fcty0u xdj266r xat24cr xgzva0m xhhsvwb xxymvpz xlup9mm x1kky2od\"><img loading=\"lazy\" decoding=\"async\" class=\"xz74otr\" src=\"https:\/\/static.xx.fbcdn.net\/images\/emoji.php\/v9\/t77\/1\/16\/1f3e1.png\" alt=\"\ud83c\udfe1\" width=\"16\" height=\"16\" \/><\/span> Planet 10, Pernerstorfergasse 12, 1100 Wien<\/div>\n<div dir=\"auto\"><\/div>\n<div dir=\"auto\">Rex Osa ist ein nigerianischer Aktivist, der in Deutschland lebt. Gemeinsam mit seinem Verein Refugees4Refugees (Stuttgart) hat er ein Netzwerk zur gegenseitigen Hilfe f\u00fcr betroffene Menschen gegr\u00fcndet. Ein Team von ehemaligen Abgeschobenen aus Deutschland und \u00d6sterreich unterst\u00fctzt in Lagos Betroffene von Charterabschiebungen. Refugees4Refugees arbeitet auch an der Sensibilisierung f\u00fcr die rassistische Asyl- und Migrationspolitik in Europa.<\/div>\n<div dir=\"auto\">Komm am 21. September zu einem Gespr\u00e4ch mit Rex Osa und einem Austausch f\u00fcr Menschen, die sich gegen Abschiebungen engagieren!<\/div>\n<div dir=\"auto\"><span class=\"html-span xexx8yu x4uap5 x18d9i69 xkhd6sd x1hl2dhg x16tdsg8 x1vvkbs x3nfvp2 x1j61x8r x1fcty0u xdj266r xat24cr xgzva0m xhhsvwb xxymvpz xlup9mm x1kky2od\"><img loading=\"lazy\" decoding=\"async\" class=\"xz74otr\" src=\"https:\/\/static.xx.fbcdn.net\/images\/emoji.php\/v9\/t1f\/1\/16\/1f3b6.png\" alt=\"\ud83c\udfb6\" width=\"16\" height=\"16\" \/><\/span><span class=\"html-span xexx8yu x4uap5 x18d9i69 xkhd6sd x1hl2dhg x16tdsg8 x1vvkbs x3nfvp2 x1j61x8r x1fcty0u xdj266r xat24cr xgzva0m xhhsvwb xxymvpz xlup9mm x1kky2od\"><img loading=\"lazy\" decoding=\"async\" class=\"xz74otr\" src=\"https:\/\/static.xx.fbcdn.net\/images\/emoji.php\/v9\/t96\/1\/16\/1f37b.png\" alt=\"\ud83c\udf7b\" width=\"16\" height=\"16\" \/><\/span> Im Anschluss an die Veranstaltung gibt es Musik und eine Soli-Bar zur Unterst\u00fctzung von Refugees4Refugees und Stop Deportations Vienna.<\/div>\n<div dir=\"auto\">Quelle: Stop Deportations Vienna<\/div>\n<\/div>\n<\/div>\n<\/div>\n<\/div>\n<\/div>","protected":false},"excerpt":{"rendered":"<p>Practical solidarity against deportations &#8211; A conversation with Rex Osa September, 21st at 6pm Planet 10, Pernerstorfergasse 12, 1100 Wien Rex Osa is a Nigerian activist based in Germany. Together [&hellip;]<\/p>\n","protected":false},"author":2,"featured_media":0,"template":"","meta":{"_EventAllDay":false,"_EventTimezone":"UTC+0","_EventStartDate":"2024-09-21 18:00:00","_EventEndDate":"2024-09-21 20:00:00","_EventStartDateUTC":"2024-09-21 18:00:00","_EventEndDateUTC":"2024-09-21 20:00:00","_EventShowMap":false,"_EventShowMapLink":false,"_EventURL":"","_EventCost":"","_EventCostDescription":"","_EventCurrencySymbol":"$","_EventCurrencyCode":"USD","_EventCurrencyPosition":"prefix","_EventDateTimeSeparator":"","_EventTimeRangeSeparator":"","_EventOrganizerID":[],"_EventVenueID":[],"_OrganizerEmail":"","_OrganizerPhone":"","_OrganizerWebsite":"","_VenueAddress":"","_VenueCity":"","_VenueCountry":"","_VenueProvince":"","_VenueState":"","_VenueZip":"","_VenuePhone":"","_VenueURL":"","_VenueStateProvince":"","_VenueLat":"","_VenueLng":"","_VenueShowMap":false,"_VenueShowMapLink":false,"_tribe_events_status":"","_tribe_events_status_reason":"","activitypub_content_warning":"","activitypub_content_visibility":"","activitypub_max_image_attachments":4,"event_bridge_for_activitypub_reminder_time_gap":0,"footnotes":""},"tags":[],"tribe_events_cat":[],"class_list":["post-511","tribe_events","type-tribe_events","status-publish","hentry"],"_links":{"self":[{"href":"https:\/\/wir-gegen-rechts.at\/en\/wp-json\/wp\/v2\/tribe_events\/511","targetHints":{"allow":["GET"]}}],"collection":[{"href":"https:\/\/wir-gegen-rechts.at\/en\/wp-json\/wp\/v2\/tribe_events"}],"about":[{"href":"https:\/\/wir-gegen-rechts.at\/en\/wp-json\/wp\/v2\/types\/tribe_events"}],"author":[{"embeddable":true,"href":"https:\/\/wir-gegen-rechts.at\/en\/wp-json\/wp\/v2\/users\/2"}],"version-history":[{"count":1,"href":"https:\/\/wir-gegen-rechts.at\/en\/wp-json\/wp\/v2\/tribe_events\/511\/revisions"}],"predecessor-version":[{"id":512,"href":"https:\/\/wir-gegen-rechts.at\/en\/wp-json\/wp\/v2\/tribe_events\/511\/revisions\/512"}],"wp:attachment":[{"href":"https:\/\/wir-gegen-rechts.at\/en\/wp-json\/wp\/v2\/media?parent=511"}],"wp:term":[{"taxonomy":"post_tag","embeddable":true,"href":"https:\/\/wir-gegen-rechts.at\/en\/wp-json\/wp\/v2\/tags?post=511"},{"taxonomy":"tribe_events_cat","embeddable":true,"href":"https:\/\/wir-gegen-rechts.at\/en\/wp-json\/wp\/v2\/tribe_events_cat?post=511"}],"curies":[{"name":"wp","href":"https:\/\/api.w.org\/{rel}","templated":true}]}}

Gespräch: Praktische Solidarität gegen Abschiebungen

<div class="html-div xdj266r x11i5rnm xat24cr x1mh8g0r xexx8yu x4uap5 x18d9i69 xkhd6sd" dir="auto">
<div id=":r5s:" class="x1l90r2v x1pi30zi x1swvt13 x1iorvi4" data-ad-comet-preview="message" data-ad-preview="message">
<div class="x78zum5 xdt5ytf xz62fqu x16ldp7u">
<div class="xu06os2 x1ok221b">
<div class="xdj266r x11i5rnm xat24cr x1mh8g0r x1vvkbs x126k92a">
<div dir="auto"><strong>Practical solidarity against deportations &#8211; A conversation with Rex Osa</strong></div>
</div>
<div class="x11i5rnm xat24cr x1mh8g0r x1vvkbs xtlvy1s x126k92a">
<div dir="auto"><span class="html-span xexx8yu x4uap5 x18d9i69 xkhd6sd x1hl2dhg x16tdsg8 x1vvkbs x3nfvp2 x1j61x8r x1fcty0u xdj266r xat24cr xgzva0m xhhsvwb xxymvpz xlup9mm x1kky2od"><img loading="lazy" decoding="async" class="xz74otr" src="https://static.xx.fbcdn.net/images/emoji.php/v9/tae/1/16/1f556.png" alt="🕖" width="16" height="16" /></span> September, 21st at 6pm</div>
<div dir="auto"><span class="html-span xexx8yu x4uap5 x18d9i69 xkhd6sd x1hl2dhg x16tdsg8 x1vvkbs x3nfvp2 x1j61x8r x1fcty0u xdj266r xat24cr xgzva0m xhhsvwb xxymvpz xlup9mm x1kky2od"><img loading="lazy" decoding="async" class="xz74otr" src="https://static.xx.fbcdn.net/images/emoji.php/v9/t77/1/16/1f3e1.png" alt="🏡" width="16" height="16" /></span> Planet 10, Pernerstorfergasse 12, 1100 Wien</div>
<div dir="auto">
Rex Osa is a Nigerian activist based in Germany. Together with his association Refugees4Refugees (Stuttgart), he founded a mutual aid network for people affected by deportations. A team of people who were formerly deported from Germany and Austria provide support in Lagos to those affected by charter deportations. Refugees4Refugees also works on raising awareness on the racist asylum and migration policies in Europe.</div>
<div dir="auto">Join us on the 21st of September for a conversation with Rex Osa and an exchange place for people involved in the struggle against deportations!</div>
<div dir="auto"><span class="html-span xexx8yu x4uap5 x18d9i69 xkhd6sd x1hl2dhg x16tdsg8 x1vvkbs x3nfvp2 x1j61x8r x1fcty0u xdj266r xat24cr xgzva0m xhhsvwb xxymvpz xlup9mm x1kky2od"><img loading="lazy" decoding="async" class="xz74otr" src="https://static.xx.fbcdn.net/images/emoji.php/v9/t1f/1/16/1f3b6.png" alt="🎶" width="16" height="16" /></span><span class="html-span xexx8yu x4uap5 x18d9i69 xkhd6sd x1hl2dhg x16tdsg8 x1vvkbs x3nfvp2 x1j61x8r x1fcty0u xdj266r xat24cr xgzva0m xhhsvwb xxymvpz xlup9mm x1kky2od"><img loading="lazy" decoding="async" class="xz74otr" src="https://static.xx.fbcdn.net/images/emoji.php/v9/t96/1/16/1f37b.png" alt="🍻" width="16" height="16" /></span> The event will be followed by music and a soli bar in support of Refugees4Refugees and Stop Deportations Vienna.⁩</div>
<div dir="auto"></div>
<div dir="auto">***Deutsch****</div>
<div dir="auto"><strong><br />
Praktische Solidarität gegen Abschiebungen &#8211; Ein Gespräch mit Rex Osa</strong></div>
<div dir="auto"><span class="html-span xexx8yu x4uap5 x18d9i69 xkhd6sd x1hl2dhg x16tdsg8 x1vvkbs x3nfvp2 x1j61x8r x1fcty0u xdj266r xat24cr xgzva0m xhhsvwb xxymvpz xlup9mm x1kky2od"><img loading="lazy" decoding="async" class="xz74otr" src="https://static.xx.fbcdn.net/images/emoji.php/v9/tae/1/16/1f556.png" alt="🕖" width="16" height="16" /></span> 21. September um 18 Uhr</div>
<div dir="auto"><span class="html-span xexx8yu x4uap5 x18d9i69 xkhd6sd x1hl2dhg x16tdsg8 x1vvkbs x3nfvp2 x1j61x8r x1fcty0u xdj266r xat24cr xgzva0m xhhsvwb xxymvpz xlup9mm x1kky2od"><img loading="lazy" decoding="async" class="xz74otr" src="https://static.xx.fbcdn.net/images/emoji.php/v9/t77/1/16/1f3e1.png" alt="🏡" width="16" height="16" /></span> Planet 10, Pernerstorfergasse 12, 1100 Wien</div>
<div dir="auto"></div>
<div dir="auto">Rex Osa ist ein nigerianischer Aktivist, der in Deutschland lebt. Gemeinsam mit seinem Verein Refugees4Refugees (Stuttgart) hat er ein Netzwerk zur gegenseitigen Hilfe für betroffene Menschen gegründet. Ein Team von ehemaligen Abgeschobenen aus Deutschland und Österreich unterstützt in Lagos Betroffene von Charterabschiebungen. Refugees4Refugees arbeitet auch an der Sensibilisierung für die rassistische Asyl- und Migrationspolitik in Europa.</div>
<div dir="auto">Komm am 21. September zu einem Gespräch mit Rex Osa und einem Austausch für Menschen, die sich gegen Abschiebungen engagieren!</div>
<div dir="auto"><span class="html-span xexx8yu x4uap5 x18d9i69 xkhd6sd x1hl2dhg x16tdsg8 x1vvkbs x3nfvp2 x1j61x8r x1fcty0u xdj266r xat24cr xgzva0m xhhsvwb xxymvpz xlup9mm x1kky2od"><img loading="lazy" decoding="async" class="xz74otr" src="https://static.xx.fbcdn.net/images/emoji.php/v9/t1f/1/16/1f3b6.png" alt="🎶" width="16" height="16" /></span><span class="html-span xexx8yu x4uap5 x18d9i69 xkhd6sd x1hl2dhg x16tdsg8 x1vvkbs x3nfvp2 x1j61x8r x1fcty0u xdj266r xat24cr xgzva0m xhhsvwb xxymvpz xlup9mm x1kky2od"><img loading="lazy" decoding="async" class="xz74otr" src="https://static.xx.fbcdn.net/images/emoji.php/v9/t96/1/16/1f37b.png" alt="🍻" width="16" height="16" /></span> Im Anschluss an die Veranstaltung gibt es Musik und eine Soli-Bar zur Unterstützung von Refugees4Refugees und Stop Deportations Vienna.</div>
<div dir="auto">Quelle: Stop Deportations Vienna</div>
</div>
</div>
</div>
</div>
</div>
