{"id":637,"date":"2024-09-13T11:38:35","date_gmt":"2024-09-13T11:38:35","guid":{"rendered":"https:\/\/wir-gegen-rechts.at\/?post_type=tribe_events&#038;p=637"},"modified":"2024-09-13T11:38:35","modified_gmt":"2024-09-13T11:38:35","slug":"gesprachstraining-horsching-ohm-kollektiv","status":"publish","type":"tribe_events","link":"https:\/\/wir-gegen-rechts.at\/en\/event\/gesprachstraining-horsching-ohm-kollektiv\/","title":{"rendered":"Gespr\u00e4chstraining H\u00f6rsching (Ohm Kollektiv)"},"content":{"rendered":"<div class=\"wp-block-post-date\">\n<p><strong>Di 24. September in H\u00f6rsching 12:00-14:00 Uhr (Treffpunkt kommt per Mail)<br \/>\n<\/strong><time datetime=\"2024-09-10T19:05:24+02:00\">Das Ohm Kollektiv <\/time>veranstaltet am 14., 24. und 26. September Haust\u00fcr-Gespr\u00e4chstrainings gegen rechts, nach dem Konzept von \u201eWir* gegen rechts\u201e.<\/p>\n<\/div>\n<p>Alle Infos: <a href=\"https:\/\/kollektivohm.org\/2024\/09\/10\/14-september-gesprachstraining-gegen-rechts-und-konzert\/\" target=\"_blank\" rel=\"noopener\">https:\/\/kollektivohm.org\/2024\/09\/10\/14-september-gesprachstraining-gegen-rechts-und-konzert\/<\/a><\/p>\n<p>Noch mehr Gespr\u00e4chstrainings <a href=\"https:\/\/wir-gegen-rechts.at\/en\/gespraechstrainings\/\">findest du hier<\/a>.<\/p>","protected":false},"excerpt":{"rendered":"<p>Di 24. September in H\u00f6rsching 12:00-14:00 Uhr (Treffpunkt kommt per Mail) Das Ohm Kollektiv veranstaltet am 14., 24. und 26. September Haust\u00fcr-Gespr\u00e4chstrainings gegen rechts, nach dem Konzept von \u201eWir* gegen [&hellip;]<\/p>\n","protected":false},"author":2,"featured_media":0,"template":"","meta":{"_EventAllDay":false,"_EventTimezone":"UTC+0","_EventStartDate":"2024-09-24 12:00:00","_EventEndDate":"2024-09-24 14:00:00","_EventStartDateUTC":"2024-09-24 12:00:00","_EventEndDateUTC":"2024-09-24 14:00:00","_EventShowMap":false,"_EventShowMapLink":false,"_EventURL":"","_EventCost":"","_EventCostDescription":"","_EventCurrencySymbol":"$","_EventCurrencyCode":"USD","_EventCurrencyPosition":"prefix","_EventDateTimeSeparator":"","_EventTimeRangeSeparator":"","_EventOrganizerID":[],"_EventVenueID":[],"_OrganizerEmail":"","_OrganizerPhone":"","_OrganizerWebsite":"","_VenueAddress":"","_VenueCity":"","_VenueCountry":"","_VenueProvince":"","_VenueState":"","_VenueZip":"","_VenuePhone":"","_VenueURL":"","_VenueStateProvince":"","_VenueLat":"","_VenueLng":"","_VenueShowMap":false,"_VenueShowMapLink":false,"_tribe_events_status":"","_tribe_events_status_reason":"","activitypub_content_warning":"","activitypub_content_visibility":"","activitypub_max_image_attachments":4,"event_bridge_for_activitypub_reminder_time_gap":0,"footnotes":""},"tags":[],"tribe_events_cat":[],"class_list":["post-637","tribe_events","type-tribe_events","status-publish","hentry"],"_links":{"self":[{"href":"https:\/\/wir-gegen-rechts.at\/en\/wp-json\/wp\/v2\/tribe_events\/637","targetHints":{"allow":["GET"]}}],"collection":[{"href":"https:\/\/wir-gegen-rechts.at\/en\/wp-json\/wp\/v2\/tribe_events"}],"about":[{"href":"https:\/\/wir-gegen-rechts.at\/en\/wp-json\/wp\/v2\/types\/tribe_events"}],"author":[{"embeddable":true,"href":"https:\/\/wir-gegen-rechts.at\/en\/wp-json\/wp\/v2\/users\/2"}],"version-history":[{"count":1,"href":"https:\/\/wir-gegen-rechts.at\/en\/wp-json\/wp\/v2\/tribe_events\/637\/revisions"}],"predecessor-version":[{"id":638,"href":"https:\/\/wir-gegen-rechts.at\/en\/wp-json\/wp\/v2\/tribe_events\/637\/revisions\/638"}],"wp:attachment":[{"href":"https:\/\/wir-gegen-rechts.at\/en\/wp-json\/wp\/v2\/media?parent=637"}],"wp:term":[{"taxonomy":"post_tag","embeddable":true,"href":"https:\/\/wir-gegen-rechts.at\/en\/wp-json\/wp\/v2\/tags?post=637"},{"taxonomy":"tribe_events_cat","embeddable":true,"href":"https:\/\/wir-gegen-rechts.at\/en\/wp-json\/wp\/v2\/tribe_events_cat?post=637"}],"curies":[{"name":"wp","href":"https:\/\/api.w.org\/{rel}","templated":true}]}}

Gesprächstraining Hörsching (Ohm Kollektiv)

<div class="wp-block-post-date">
<p><strong>Di 24. September in Hörsching 12:00-14:00 Uhr (Treffpunkt kommt per Mail)<br />
</strong><time datetime="2024-09-10T19:05:24+02:00">Das Ohm Kollektiv </time>veranstaltet am 14., 24. und 26. September Haustür-Gesprächstrainings gegen rechts, nach dem Konzept von „Wir* gegen rechts„.</p>
</div>
<p>Alle Infos: <a href="https://kollektivohm.org/2024/09/10/14-september-gesprachstraining-gegen-rechts-und-konzert/" target="_blank" rel="noopener">https://kollektivohm.org/2024/09/10/14-september-gesprachstraining-gegen-rechts-und-konzert/</a></p>
<p>Noch mehr Gesprächstrainings <a href="https://wir-gegen-rechts.at/en/gespraechstrainings/">findest du hier</a>.</p>

<p>Di 24. September in Hörsching 12:00-14:00 Uhr (Treffpunkt kommt per Mail) Das Ohm Kollektiv veranstaltet am 14., 24. und 26. September Haustür-Gesprächstrainings gegen rechts, nach dem Konzept von „Wir* gegen [&hellip;]</p>
