{"id":673,"date":"2024-09-13T14:30:39","date_gmt":"2024-09-13T14:30:39","guid":{"rendered":"https:\/\/wir-gegen-rechts.at\/?post_type=tribe_events&#038;p=673"},"modified":"2024-09-17T09:12:00","modified_gmt":"2024-09-17T09:12:00","slug":"argumentationstraining-gegen-rechte-parolen-graz","status":"publish","type":"tribe_events","link":"https:\/\/wir-gegen-rechts.at\/en\/event\/argumentationstraining-gegen-rechte-parolen-graz\/","title":{"rendered":"Argumentationstraining gegen rechte Parolen &#8211; Graz"},"content":{"rendered":"<p>Du machst dir Sorgen, wie die Nationalratswahl ausgehen wird? Du willst nicht nur den Kopf sch\u00fctteln, sondern aktiv was tun? Du m\u00f6chtest nicht schweigend wegh\u00f6ren, sondern gezielt widersprechen, wenn diskriminierende Aussagen fallen? Du w\u00fcnschst dir mehr Sicherheit, um selbstbewusst gegen rechte Parolen zu argumentieren?<\/p>\n<p>\ud83d\udcacArgumentationstraining gegen rechte Parolen<br \/>\nSo., 22. September, 15:00 &#8211; 19:30<\/p>\n<p>\ud83d\udcccOrt: Spektral Graz, Lendkai 45, 8020 Graz (Eingang ist an der Ecke Fellingergasse)<br \/>\n\ud83d\udcf2Online Anmeldungslink: <a href=\"https:\/\/form.typeform.com\/to\/cNrniNeC\">https:\/\/form.typeform.com\/to\/cNrniNeC<\/a><br \/>\n\u2139\ufe0fInfos: <a href=\"https:\/\/wir-gegen-rechts.at\/en\/event\/argumentationstraining-gegen-rechte-parolen-graz\/\">https:\/\/wir-gegen-rechts.at\/event\/argumentationstraining-gegen-rechte-parolen-graz\/<\/a><\/p>\n<p>Pers\u00f6nliche Gespr\u00e4che sind ein wichtiger Faktor f\u00fcr die Wahlentscheidung. Dar\u00fcber hinaus glauben wir, dass es wichtig ist, in der Nachbarschaft, in Arbeitsfeldern, Vereinen, der Familie etc. geh\u00f6rt und gesehen zu werden \u2013 auch \u00fcber die Wahlen hinaus. Ein solidarisches Miteinander kann rechten Tendenzen langfristig entgegenwirken. Indem du gegen diskriminierende Parolen argumentierst, tr\u00e4gst du dazu bei, im Alltag ein starkes Zeichen gegen Ausgrenzung und f\u00fcr Zusammenhalt zu setzen, was wiederum auch zu einer respektvollen Diskussion beitr\u00e4gt.<\/p>\n<p>&nbsp;<\/p>","protected":false},"excerpt":{"rendered":"<p>Du machst dir Sorgen, wie die Nationalratswahl ausgehen wird? Du willst nicht nur den Kopf sch\u00fctteln, sondern aktiv was tun? Du m\u00f6chtest nicht schweigend wegh\u00f6ren, sondern gezielt widersprechen, wenn diskriminierende [&hellip;]<\/p>\n","protected":false},"author":2,"featured_media":0,"template":"","meta":{"_EventAllDay":false,"_EventTimezone":"UTC+0","_EventStartDate":"2024-09-22 03:00:00","_EventEndDate":"2024-09-22 19:00:00","_EventStartDateUTC":"2024-09-22 03:00:00","_EventEndDateUTC":"2024-09-22 19:00:00","_EventShowMap":false,"_EventShowMapLink":false,"_EventURL":"","_EventCost":"","_EventCostDescription":"","_EventCurrencySymbol":"$","_EventCurrencyCode":"USD","_EventCurrencyPosition":"prefix","_EventDateTimeSeparator":"","_EventTimeRangeSeparator":"","_EventOrganizerID":[],"_EventVenueID":[],"_OrganizerEmail":"","_OrganizerPhone":"","_OrganizerWebsite":"","_VenueAddress":"","_VenueCity":"","_VenueCountry":"","_VenueProvince":"","_VenueState":"","_VenueZip":"","_VenuePhone":"","_VenueURL":"","_VenueStateProvince":"","_VenueLat":"","_VenueLng":"","_VenueShowMap":false,"_VenueShowMapLink":false,"_tribe_events_status":"","_tribe_events_status_reason":"","activitypub_content_warning":"","activitypub_content_visibility":"","activitypub_max_image_attachments":4,"event_bridge_for_activitypub_reminder_time_gap":0,"footnotes":""},"tags":[],"tribe_events_cat":[],"class_list":["post-673","tribe_events","type-tribe_events","status-publish","hentry"],"_links":{"self":[{"href":"https:\/\/wir-gegen-rechts.at\/en\/wp-json\/wp\/v2\/tribe_events\/673","targetHints":{"allow":["GET"]}}],"collection":[{"href":"https:\/\/wir-gegen-rechts.at\/en\/wp-json\/wp\/v2\/tribe_events"}],"about":[{"href":"https:\/\/wir-gegen-rechts.at\/en\/wp-json\/wp\/v2\/types\/tribe_events"}],"author":[{"embeddable":true,"href":"https:\/\/wir-gegen-rechts.at\/en\/wp-json\/wp\/v2\/users\/2"}],"version-history":[{"count":6,"href":"https:\/\/wir-gegen-rechts.at\/en\/wp-json\/wp\/v2\/tribe_events\/673\/revisions"}],"predecessor-version":[{"id":706,"href":"https:\/\/wir-gegen-rechts.at\/en\/wp-json\/wp\/v2\/tribe_events\/673\/revisions\/706"}],"wp:attachment":[{"href":"https:\/\/wir-gegen-rechts.at\/en\/wp-json\/wp\/v2\/media?parent=673"}],"wp:term":[{"taxonomy":"post_tag","embeddable":true,"href":"https:\/\/wir-gegen-rechts.at\/en\/wp-json\/wp\/v2\/tags?post=673"},{"taxonomy":"tribe_events_cat","embeddable":true,"href":"https:\/\/wir-gegen-rechts.at\/en\/wp-json\/wp\/v2\/tribe_events_cat?post=673"}],"curies":[{"name":"wp","href":"https:\/\/api.w.org\/{rel}","templated":true}]}}

<p>Du machst dir Sorgen, wie die Nationalratswahl ausgehen wird? Du willst nicht nur den Kopf schütteln, sondern aktiv was tun? Du möchtest nicht schweigend weghören, sondern gezielt widersprechen, wenn diskriminierende Aussagen fallen? Du wünschst dir mehr Sicherheit, um selbstbewusst gegen rechte Parolen zu argumentieren?</p>
<p>💬Argumentationstraining gegen rechte Parolen<br />
So., 22. September, 15:00 &#8211; 19:30</p>
<p>📌Ort: Spektral Graz, Lendkai 45, 8020 Graz (Eingang ist an der Ecke Fellingergasse)<br />
📲Online Anmeldungslink: <a href="https://form.typeform.com/to/cNrniNeC">https://form.typeform.com/to/cNrniNeC</a><br />
ℹ️Infos: <a href="https://wir-gegen-rechts.at/en/event/argumentationstraining-gegen-rechte-parolen-graz/">https://wir-gegen-rechts.at/event/argumentationstraining-gegen-rechte-parolen-graz/</a></p>
<p>Persönliche Gespräche sind ein wichtiger Faktor für die Wahlentscheidung. Darüber hinaus glauben wir, dass es wichtig ist, in der Nachbarschaft, in Arbeitsfeldern, Vereinen, der Familie etc. gehört und gesehen zu werden – auch über die Wahlen hinaus. Ein solidarisches Miteinander kann rechten Tendenzen langfristig entgegenwirken. Indem du gegen diskriminierende Parolen argumentierst, trägst du dazu bei, im Alltag ein starkes Zeichen gegen Ausgrenzung und für Zusammenhalt zu setzen, was wiederum auch zu einer respektvollen Diskussion beiträgt.</p>
<p>&nbsp;</p>

<p>Du machst dir Sorgen, wie die Nationalratswahl ausgehen wird? Du willst nicht nur den Kopf schütteln, sondern aktiv was tun? Du möchtest nicht schweigend weghören, sondern gezielt widersprechen, wenn diskriminierende [&hellip;]</p>
