{"id":684,"date":"2024-09-16T07:05:29","date_gmt":"2024-09-16T07:05:29","guid":{"rendered":"https:\/\/wir-gegen-rechts.at\/?post_type=tribe_events&#038;p=684"},"modified":"2024-09-16T07:05:29","modified_gmt":"2024-09-16T07:05:29","slug":"10-tage-gegen-rechts","status":"publish","type":"tribe_events","link":"https:\/\/wir-gegen-rechts.at\/en\/event\/10-tage-gegen-rechts\/","title":{"rendered":"10 days against the right"},"content":{"rendered":"<p>For the last few days before the election, we will once again join forces in intensive action days! Until then, we have organized <strong>20 trainings for door-to-door conversations and 6 argumentation trainings against the far-right in Vienna, Linz and Graz.<\/strong> Dozens of people are already out there talking to undecided or dissatisfied protest voters. Together we can make the decisive difference!<br \/>\n<strong><br \/>\nCome to our action days from September 20th to 29th!<\/strong><\/p>\n<p>Mehr Infos unter: <a href=\"https:\/\/wir-gegen-rechts.at\/en\/intensiv\/\">https:\/\/wir-gegen-rechts.at\/intensiv\/<\/a><\/p>","protected":false},"excerpt":{"rendered":"<p>F\u00fcr die letzten Tage vor der Wahl b\u00fcndeln wir nochmal alle Kr\u00e4fte in intensiven Aktionstagen! Bis dahin haben wir 20 Trainings f\u00fcr Haust\u00fcrgespr\u00e4che und 6 Argumentationstrainings gegen rechts in Wien, [&hellip;]<\/p>\n","protected":false},"author":2,"featured_media":0,"template":"","meta":{"_EventAllDay":true,"_EventTimezone":"UTC+0","_EventStartDate":"2024-09-20 00:00:00","_EventEndDate":"2024-09-29 23:59:59","_EventStartDateUTC":"2024-09-20 00:00:00","_EventEndDateUTC":"2024-09-29 23:59:59","_EventShowMap":false,"_EventShowMapLink":false,"_EventURL":"","_EventCost":"","_EventCostDescription":"","_EventCurrencySymbol":"$","_EventCurrencyCode":"USD","_EventCurrencyPosition":"prefix","_EventDateTimeSeparator":"","_EventTimeRangeSeparator":"","_EventOrganizerID":[],"_EventVenueID":[],"_OrganizerEmail":"","_OrganizerPhone":"","_OrganizerWebsite":"","_VenueAddress":"","_VenueCity":"","_VenueCountry":"","_VenueProvince":"","_VenueState":"","_VenueZip":"","_VenuePhone":"","_VenueURL":"","_VenueStateProvince":"","_VenueLat":"","_VenueLng":"","_VenueShowMap":false,"_VenueShowMapLink":false,"_tribe_events_status":"","_tribe_events_status_reason":"","activitypub_content_warning":"","activitypub_content_visibility":"","activitypub_max_image_attachments":4,"event_bridge_for_activitypub_reminder_time_gap":0,"footnotes":""},"tags":[],"tribe_events_cat":[],"class_list":["post-684","tribe_events","type-tribe_events","status-publish","hentry"],"_links":{"self":[{"href":"https:\/\/wir-gegen-rechts.at\/en\/wp-json\/wp\/v2\/tribe_events\/684","targetHints":{"allow":["GET"]}}],"collection":[{"href":"https:\/\/wir-gegen-rechts.at\/en\/wp-json\/wp\/v2\/tribe_events"}],"about":[{"href":"https:\/\/wir-gegen-rechts.at\/en\/wp-json\/wp\/v2\/types\/tribe_events"}],"author":[{"embeddable":true,"href":"https:\/\/wir-gegen-rechts.at\/en\/wp-json\/wp\/v2\/users\/2"}],"version-history":[{"count":1,"href":"https:\/\/wir-gegen-rechts.at\/en\/wp-json\/wp\/v2\/tribe_events\/684\/revisions"}],"predecessor-version":[{"id":685,"href":"https:\/\/wir-gegen-rechts.at\/en\/wp-json\/wp\/v2\/tribe_events\/684\/revisions\/685"}],"wp:attachment":[{"href":"https:\/\/wir-gegen-rechts.at\/en\/wp-json\/wp\/v2\/media?parent=684"}],"wp:term":[{"taxonomy":"post_tag","embeddable":true,"href":"https:\/\/wir-gegen-rechts.at\/en\/wp-json\/wp\/v2\/tags?post=684"},{"taxonomy":"tribe_events_cat","embeddable":true,"href":"https:\/\/wir-gegen-rechts.at\/en\/wp-json\/wp\/v2\/tribe_events_cat?post=684"}],"curies":[{"name":"wp","href":"https:\/\/api.w.org\/{rel}","templated":true}]}}

<p>Für die letzten Tage vor der Wahl bündeln wir nochmal alle Kräfte in intensiven Aktionstagen! Bis dahin haben wir 20 Trainings für Haustürgespräche und 6 Argumentationstrainings gegen rechts in Wien, [&hellip;]</p>
