{"id":715,"date":"2024-09-19T15:15:22","date_gmt":"2024-09-19T15:15:22","guid":{"rendered":"https:\/\/wir-gegen-rechts.at\/?post_type=tribe_events&#038;p=715"},"modified":"2024-09-19T15:15:22","modified_gmt":"2024-09-19T15:15:22","slug":"jetzt-auch-in-langenlois-workshop-hausturgesprache-gegen-rechts","status":"publish","type":"tribe_events","link":"https:\/\/wir-gegen-rechts.at\/en\/event\/jetzt-auch-in-langenlois-workshop-hausturgesprache-gegen-rechts\/","title":{"rendered":"Jetzt auch in Langenlois: Workshop &#038; Haust\u00fcrgespr\u00e4che gegen rechts"},"content":{"rendered":"<p>\ud83d\udcc6 Wann: Dienstag, 24. September, 17:00 &#8211; 20.30<\/p>\n<p>\ud83c\udf10 Ort: Langenlois, genauer Ort wird noch bekannt gegeben<\/p>\n<p>\u2705 Anmeldung: Signal\/SMS: +43 680 55 27 997 (Eva)<\/p>\n<p>Du bist besorgt, demn\u00e4chst eine von rechtsextremen Positionen dominierte Regierung zu erleben? WIR* wollen etwas tun und uns nicht so vereinzelt f\u00fchlen.<\/p>\n<p>Viele von uns* (*die f\u00fcr offene Gesellschaft und Menschenrechte f\u00fcr alle stehen) erleben derzeit eine Ohnmacht angesichts der Nationalratswahl, die den Rechtsrutsch der letzten Jahre politisch einzementieren k\u00f6nnte. Doch Umfragen zeigen, wie rasch sich Meinungen \u00e4ndern k\u00f6nnen: Viele Menschen entscheiden sich tats\u00e4chlich erst in den letzten 3 Tagen vor der Wahl. Viele gehen aus Bequemlichkeit oder genereller Unzufriedenheit nicht zu Wahl \u2013 diese wollen wir erreichen!<\/p>\n<p>Personal conversations are an important factor in voting decisions. We also believe that it is important to be heard and seen in the neighborhood, in work areas, clubs, family, etc. - even after the elections. Solidarity can counteract right-wing tendencies in the long term.<\/p>\n<p>Was braucht es f\u00fcr ein gelungenes Gespr\u00e4ch auf der Stra\u00dfe? Worauf beim \u201cHaust\u00fcrgespr\u00e4ch\u201d (bzw. im Park, im Sportverein, in der Stra\u00dfenbahn\u2026) achten? Das und mehr wollen wir bei diesem Workshop lernen. Danach zeihen wir direkt los und kommen ins Gespr\u00e4ch: Wir haben noch 5 Tage. Bist du dabei?<\/p>","protected":false},"excerpt":{"rendered":"<p>\ud83d\udcc6 Wann: Dienstag, 24. September, 17:00 &#8211; 20.30 \ud83c\udf10 Ort: Langenlois, genauer Ort wird noch bekannt gegeben \u2705 Anmeldung: Signal\/SMS: +43 680 55 27 997 (Eva) Du bist besorgt, demn\u00e4chst [&hellip;]<\/p>\n","protected":false},"author":2,"featured_media":0,"template":"","meta":{"_EventAllDay":false,"_EventTimezone":"UTC+0","_EventStartDate":"2024-09-24 17:00:00","_EventEndDate":"2024-09-24 20:30:00","_EventStartDateUTC":"2024-09-24 17:00:00","_EventEndDateUTC":"2024-09-24 20:30:00","_EventShowMap":false,"_EventShowMapLink":false,"_EventURL":"","_EventCost":"","_EventCostDescription":"","_EventCurrencySymbol":"$","_EventCurrencyCode":"USD","_EventCurrencyPosition":"prefix","_EventDateTimeSeparator":"","_EventTimeRangeSeparator":"","_EventOrganizerID":[],"_EventVenueID":[],"_OrganizerEmail":"","_OrganizerPhone":"","_OrganizerWebsite":"","_VenueAddress":"","_VenueCity":"","_VenueCountry":"","_VenueProvince":"","_VenueState":"","_VenueZip":"","_VenuePhone":"","_VenueURL":"","_VenueStateProvince":"","_VenueLat":"","_VenueLng":"","_VenueShowMap":false,"_VenueShowMapLink":false,"_tribe_events_status":"","_tribe_events_status_reason":"","activitypub_content_warning":"","activitypub_content_visibility":"","activitypub_max_image_attachments":4,"event_bridge_for_activitypub_reminder_time_gap":0,"footnotes":""},"tags":[],"tribe_events_cat":[],"class_list":["post-715","tribe_events","type-tribe_events","status-publish","hentry"],"_links":{"self":[{"href":"https:\/\/wir-gegen-rechts.at\/en\/wp-json\/wp\/v2\/tribe_events\/715","targetHints":{"allow":["GET"]}}],"collection":[{"href":"https:\/\/wir-gegen-rechts.at\/en\/wp-json\/wp\/v2\/tribe_events"}],"about":[{"href":"https:\/\/wir-gegen-rechts.at\/en\/wp-json\/wp\/v2\/types\/tribe_events"}],"author":[{"embeddable":true,"href":"https:\/\/wir-gegen-rechts.at\/en\/wp-json\/wp\/v2\/users\/2"}],"version-history":[{"count":1,"href":"https:\/\/wir-gegen-rechts.at\/en\/wp-json\/wp\/v2\/tribe_events\/715\/revisions"}],"predecessor-version":[{"id":716,"href":"https:\/\/wir-gegen-rechts.at\/en\/wp-json\/wp\/v2\/tribe_events\/715\/revisions\/716"}],"wp:attachment":[{"href":"https:\/\/wir-gegen-rechts.at\/en\/wp-json\/wp\/v2\/media?parent=715"}],"wp:term":[{"taxonomy":"post_tag","embeddable":true,"href":"https:\/\/wir-gegen-rechts.at\/en\/wp-json\/wp\/v2\/tags?post=715"},{"taxonomy":"tribe_events_cat","embeddable":true,"href":"https:\/\/wir-gegen-rechts.at\/en\/wp-json\/wp\/v2\/tribe_events_cat?post=715"}],"curies":[{"name":"wp","href":"https:\/\/api.w.org\/{rel}","templated":true}]}}

Jetzt auch in Langenlois: Workshop &#038; Haustürgespräche gegen rechts

<p>📆 Wann: Dienstag, 24. September, 17:00 &#8211; 20.30</p>
<p>🌐 Ort: Langenlois, genauer Ort wird noch bekannt gegeben</p>
<p>✅ Anmeldung: Signal/SMS: +43 680 55 27 997 (Eva)</p>
<p>Du bist besorgt, demnächst eine von rechtsextremen Positionen dominierte Regierung zu erleben? WIR* wollen etwas tun und uns nicht so vereinzelt fühlen.</p>
<p>Viele von uns* (*die für offene Gesellschaft und Menschenrechte für alle stehen) erleben derzeit eine Ohnmacht angesichts der Nationalratswahl, die den Rechtsrutsch der letzten Jahre politisch einzementieren könnte. Doch Umfragen zeigen, wie rasch sich Meinungen ändern können: Viele Menschen entscheiden sich tatsächlich erst in den letzten 3 Tagen vor der Wahl. Viele gehen aus Bequemlichkeit oder genereller Unzufriedenheit nicht zu Wahl – diese wollen wir erreichen!</p>
<p>Personal conversations are an important factor in voting decisions. We also believe that it is important to be heard and seen in the neighborhood, in work areas, clubs, family, etc. - even after the elections. Solidarity can counteract right-wing tendencies in the long term.</p>
<p>Was braucht es für ein gelungenes Gespräch auf der Straße? Worauf beim “Haustürgespräch” (bzw. im Park, im Sportverein, in der Straßenbahn…) achten? Das und mehr wollen wir bei diesem Workshop lernen. Danach zeihen wir direkt los und kommen ins Gespräch: Wir haben noch 5 Tage. Bist du dabei?</p>

<p>📆 Wann: Dienstag, 24. September, 17:00 &#8211; 20.30 🌐 Ort: Langenlois, genauer Ort wird noch bekannt gegeben ✅ Anmeldung: Signal/SMS: +43 680 55 27 997 (Eva) Du bist besorgt, demnächst [&hellip;]</p>
