{"id":721,"date":"2024-09-21T21:11:11","date_gmt":"2024-09-21T21:11:11","guid":{"rendered":"https:\/\/wir-gegen-rechts.at\/?post_type=tribe_events&#038;p=721"},"modified":"2024-09-22T10:36:37","modified_gmt":"2024-09-22T10:36:37","slug":"online-training-fur-haustur-gesprache-gegen-rechts","status":"publish","type":"tribe_events","link":"https:\/\/wir-gegen-rechts.at\/en\/event\/online-training-fur-haustur-gesprache-gegen-rechts\/","title":{"rendered":"Online-Training f\u00fcr Haust\u00fcr &#8211; Gespr\u00e4che gegen Rechts"},"content":{"rendered":"<p>Anmeldung: Signal\/SMS: +43 680 55 27 997 (Eva)<\/p>\n<p>Link: <a href=\"https:\/\/demo.bigbluebutton.org\/rooms\/r9y-jqk-yp6-w9k\/join\" target=\"_blank\" rel=\"noopener\">https:\/\/demo.bigbluebutton.org\/rooms\/r9y-jqk-yp6-w9k\/join<\/a><\/p>","protected":false},"excerpt":{"rendered":"<p>Anmeldung: Signal\/SMS: +43 680 55 27 997 (Eva) Link: https:\/\/demo.bigbluebutton.org\/rooms\/r9y-jqk-yp6-w9k\/join<\/p>","protected":false},"author":2,"featured_media":0,"template":"","meta":{"_EventAllDay":false,"_EventTimezone":"UTC+0","_EventStartDate":"2024-09-22 14:00:00","_EventEndDate":"2024-09-22 16:00:00","_EventStartDateUTC":"2024-09-22 14:00:00","_EventEndDateUTC":"2024-09-22 16:00:00","_EventShowMap":false,"_EventShowMapLink":false,"_EventURL":"","_EventCost":"","_EventCostDescription":"","_EventCurrencySymbol":"$","_EventCurrencyCode":"USD","_EventCurrencyPosition":"prefix","_EventDateTimeSeparator":"","_EventTimeRangeSeparator":"","_EventOrganizerID":[],"_EventVenueID":[],"_OrganizerEmail":"","_OrganizerPhone":"","_OrganizerWebsite":"","_VenueAddress":"","_VenueCity":"","_VenueCountry":"","_VenueProvince":"","_VenueState":"","_VenueZip":"","_VenuePhone":"","_VenueURL":"","_VenueStateProvince":"","_VenueLat":"","_VenueLng":"","_VenueShowMap":false,"_VenueShowMapLink":false,"_tribe_events_status":"","_tribe_events_status_reason":"","activitypub_content_warning":"","activitypub_content_visibility":"","activitypub_max_image_attachments":4,"event_bridge_for_activitypub_reminder_time_gap":0,"footnotes":""},"tags":[],"tribe_events_cat":[],"class_list":["post-721","tribe_events","type-tribe_events","status-publish","hentry"],"_links":{"self":[{"href":"https:\/\/wir-gegen-rechts.at\/en\/wp-json\/wp\/v2\/tribe_events\/721","targetHints":{"allow":["GET"]}}],"collection":[{"href":"https:\/\/wir-gegen-rechts.at\/en\/wp-json\/wp\/v2\/tribe_events"}],"about":[{"href":"https:\/\/wir-gegen-rechts.at\/en\/wp-json\/wp\/v2\/types\/tribe_events"}],"author":[{"embeddable":true,"href":"https:\/\/wir-gegen-rechts.at\/en\/wp-json\/wp\/v2\/users\/2"}],"version-history":[{"count":3,"href":"https:\/\/wir-gegen-rechts.at\/en\/wp-json\/wp\/v2\/tribe_events\/721\/revisions"}],"predecessor-version":[{"id":724,"href":"https:\/\/wir-gegen-rechts.at\/en\/wp-json\/wp\/v2\/tribe_events\/721\/revisions\/724"}],"wp:attachment":[{"href":"https:\/\/wir-gegen-rechts.at\/en\/wp-json\/wp\/v2\/media?parent=721"}],"wp:term":[{"taxonomy":"post_tag","embeddable":true,"href":"https:\/\/wir-gegen-rechts.at\/en\/wp-json\/wp\/v2\/tags?post=721"},{"taxonomy":"tribe_events_cat","embeddable":true,"href":"https:\/\/wir-gegen-rechts.at\/en\/wp-json\/wp\/v2\/tribe_events_cat?post=721"}],"curies":[{"name":"wp","href":"https:\/\/api.w.org\/{rel}","templated":true}]}}

Online-Training für Haustür &#8211; Gespräche gegen Rechts
